135. Let d be g(-20). Determine z(d).
-6
Let g(h) = -2*h**3 + h**3 - 5*h**2 - 9290 + 9302 + 9*h. What is g(-5)?
-33
Suppose -328*w = -345*w + 238. Let d(c) = -3*c - 19. Determine d(w).
-61
Let d(g) = -85*g**2 + 1360*g + 2. Let m be d(16). Let r(x) be the third derivative of 20*x**m + 0*x + 1/60*x**5 + 11/24*x**4 + 0 + 13/6*x**3. Determine r(-10).
3
Let w(h) be the second derivative of -h**5/20 + h**4/12 - h**3/6 + 107*h**2/2 + 3*h. Let y be w(0). Let g(m) = -m**2 - 208 + 104 + y - 4*m. Determine g(-4).
3
Let j(n) = n**3 - n - 2. Let q(g) be the first derivative of 3*g**2/2 - 43*g + 5. Let b(v) = 19*v - 4. Let x be b(1). Let h be q(x). Calculate j(h).
4
Let y be (16/(-7))/4 + (-12)/(-21). Suppose -37*b + 3*b = y. Let d(j) = 2*j - j - 2*j + 1. What is d(b)?
1
Let n(r) = r**2 + 5*r + 1. Let x(w) = -2*w**3 - 15*w**2 - 19*w - 15. Let t be x(-7). Suppose -73 = 2*j - t. What is n(j)?
-5
Let k(n) = 2*n + 15. Let l = 259 + -774. Let w = l + 509. What is k(w)?
3
Suppose 71 + 57 = -8*q. Let o be 0*(-3 + q/(-6)) - 3. Let a(l) be the first derivative of -l**2 - 2*l + 3. Give a(o).
4
Suppose 43*m = -506 - 526. Let g(p) = p + 31. What is g(m)?
7
Suppose 27*j - 512 = -122*j + 531. Let h(k) = 7*k - 27. Determine h(j).
22
Let o(b) be the first derivative of -b**2/2 - 42. Suppose 4*r = 7 + 1. Let j be ((-28)/12 + r)*6. Determine o(j).
2
Let m(a) = 5*a**2 + 2*a + 3. Let w(h) = -11*h**2 - 5*h - 7. Let r be -4 + -1 + -5 + 6. Let k(c) = r*w(c) - 9*m(c). Determine k(-1).
-2
Let y(x) = x**2 + 3*x - 107. Suppose 202*z + 4 = 2 + 2. Calculate y(z).
-107
Let s(a) = 9*a**2 + a. Let z = 539 + -795. Let v = z - -255. What is s(v)?
8
Let u be (128/120*-3)/((3/(-5))/3). Let y(q) = q**2 - 14*q - 45. What is y(u)?
-13
Let t(m) be the first derivative of 4*m**3/3 + m**2/2 - 607. Suppose 2*j - 3*b = 4, 3*j - 3*b = -1 + 7. Let d be 3*(21/(-9) + j). Give t(d).
3
Let j = -6 + 15. Suppose -7*a + j*a = 0. Suppose a = 2*y - 3*y + 7. Let s(l) = -l**3 + 7*l**2 + l. Determine s(y).
7
Let l(d) = 2435 - 2443 + 13*d**2 - d**3 - 6*d**2 + 2*d. Determine l(7).
6
Let v(h) = h**3 - 3*h**2 - 2*h - 2. Let t be v(4). Let k be 8/t - 22/(-12)*2. Let x(q) = 98*q + 91*q - 188*q - k. Give x(-4).
-9
Suppose 0 = 63*b - 64*b - 13. Let m(h) = h**3 + 13*h**2 - 24. Determine m(b).
-24
Let i(y) = y**3 + 8*y**2 - 8*y + 11. Let d = 120 + -12. Suppose 68*c = 80*c + d. What is i(c)?
2
Let l(r) = -12*r + 48. Suppose -3*s - 40 = 5*p, 3*s - 189*p - 32 = -185*p. Give l(s).
48
Let i(g) = 9*g**2 + 128*g - 260. Let b be i(-16). Let p(z) = z - z**2 + z - 1 - 6*z - 2*z. What is p(b)?
7
Let v(j) = -377*j**2 - 189*j - 1321. Let o(s) = 73*s**2 + 38*s + 264. Let g(i) = -31*o(i) - 6*v(i). What is g(-37)?
1
Suppose 6*x + 1165 = 1183. Let w(c) = -9 - 2*c - 4*c**2 + 16 + 4*c**3 - 15 - 5*c**x. Give w(-4).
0
Let w be 4/(-1)*59/2. Let v = w + 179. Let d(l) = -68*l**3 - 4*l**2 + 128*l**3 - v*l**3. Calculate d(-4).
0
Let q = -467 + 21. Let u = 441 + q. Let n(c) = 2*c + 1. Give n(u).
-9
Suppose 5*x + 92 = 4*t, 4*t = 6*x - 4*x + 44. Let d = 22 + x. Suppose 0 = d*p - 2 + 32. Let j(w) = -3*w - 7. Calculate j(p).
8
Let j(c) = 13*c**2 - 25*c - 7. Let z(t) = 8*t**2 - 13*t - 4. Let h(a) = -3*j(a) + 5*z(a). Let o be 23/(-2) + (-24)/(-16). Calculate h(o).
1
Let o(x) = -2*x**3 + 11*x**2 + 9*x - 15. Let h be o(6). Let l(w) = -40*w**2 + w**h - w - 2 + 43*w**2 - 2*w. What is l(-2)?
8
Let a(t) be the first derivative of -t**5/20 - 7*t**4/12 - 4*t**3/3 - 3*t**2 + 26*t - 105. Let f(d) be the first derivative of a(d). Give f(-5).
-16
Let b(r) = -2*r**2 + 29*r + 5. Let t = -3378 + 3392. Determine b(t).
19
Let f(c) = 25*c**2 - 6*c - 1. Let h be -2*(-4 + 4 + -1). Let r(w) = 7*w - 17*w**h - 8*w**2 + 1 - 4 + 4. Let p(j) = 6*f(j) + 5*r(j). Determine p(-1).
25
Let b(c) = c**3 - 14*c**2 + 13*c - 16. Let h(v) = -v**3 - 64*v**2 - 242*v - 107. Let f be h(-60). Determine b(f).
-16
Let f(p) = -15*p - 31. Let z(g) = -7*g - 15. Let y(a) = 6*f(a) - 13*z(a). Let b = -62544 + 62551. What is y(b)?
16
Let y(c) = -149*c + 8803. Let w be y(59). Let x(d) = 10*d - 132. Determine x(w).
-12
Let v(c) = 13*c + 13*c + 17*c + 2 + 11*c - 55*c. Let o = 89 + -95. Determine v(o).
8
Let f = -69 - -61. Let y be (2 - 12)*((-36)/f + -4). Let r be 138/30 + 2*(-1)/y. Let p(j) = -j**3 + 5*j**2 - 3*j + 5. Give p(r).
-10
Let u(y) = y**2 - 11*y + 53. Let r be u(8). Let s(w) = -19 + 23 + r*w - 32*w. What is s(5)?
-11
Let j(h) = 24*h - 234. Let o(a) = 45*a - 436. Let p(k) = -7*j(k) + 4*o(k). Calculate p(8).
-10
Let z = -2/12549 + 12553/25098. Let n(p) be the first derivative of z*p**2 - p - 3. What is n(9)?
8
Let n be ((-2)/4 + 1)/((-11)/(-198)). Let t(v) = -4*v - 2*v + v**2 - 1 + n*v + 4. Give t(-2).
1
Let r be -10*(4 + 33/(-6)). Suppose 17*t = r*t - 8. Let z(s) = s**2 - s - 1. Let i(j) = -3*j**2 + 6*j + 7. Let q(n) = -i(n) - 4*z(n). Give q(t).
-11
Let h(u) = -4*u**2 + 5*u - 5. Let q(p) be the third derivative of p**5/12 - 7*p**4/24 + p**3 - 17*p**2 + 1. Let g(o) = 6*h(o) + 5*q(o). Calculate g(7).
14
Let f(c) be the third derivative of 0 + 0*c**4 - 1/120*c**6 + 0*c + 1/60*c**5 + 1/3*c**3 + 98*c**2. Calculate f(2).
-2
Let c(n) = -n**3 + 10*n**2 - 11*n + 20. Let h(w) = 5*w**2 - 7*w - 1. Let l be h(2). Suppose 5*k - l*d - 30 = 0, 3*k + d = -4 + 34. Determine c(k).
2
Let b = -19871 - -19845. Let i(q) = 5*q + 91. Give i(b).
-39
Let l(m) = 8606 - 12*m + 2*m - 8319. Give l(29).
-3
Suppose 15 - 63 = -6*h. Let z = -19 - -19. Let o(w) = 4*w**2 + 6*w**2 - w**3 - 3*w**2 + z*w**3 + 9*w - 5. What is o(h)?
3
Let d(k) = -2*k - 3. Let l be d(-3). Let i(v) = -v**3 - 2*v**3 - 91*v**2 + 95*v**2. Let c(q) = -q**3 + q**2 + 1. Let b(g) = -2*c(g) + i(g). Calculate b(l).
-11
Suppose 392*v - 394*v = 12. Let f(g) = -9*g**2 + 4*g - 7. Let a(q) = 9*q**2 - 3*q + 6. Let h be (-4)/14 + 66/(-14). Let b(t) = h*f(t) + v*a(t). What is b(-1)?
-8
Let j(x) = x + 15. Suppose 0 = -3*h - 2*i - 54, 4*h + 74 = -6*i + 3*i. What is j(h)?
1
Let r(l) = -15*l - 11*l**2 - 7*l**2 - 42 - 8*l**2 + 25*l**2 + 16*l. Give r(0).
-42
Let s(c) = 347*c - 678*c + 338*c + 10*c**2 + 31 + c**3 - 2*c**2 - 29. What is s(-7)?
2
Let c(n) = n**2 - 8*n - 15. Suppose 471 = 37*j + 101. Suppose 5*b = -2*u + 65, 5*u = 3*u + j. Calculate c(b).
18
Let t(x) = -9*x**2 + 0*x + 3*x + 5*x**2 - x**3 + 2. Let r be 0 + (-328)/84 - (-56)/(-588). What is t(r)?
-10
Let f(t) be the first derivative of t**6/120 + 2*t**5/15 - t**4/4 - 2*t**3/3 - 35*t**2 - 153. Let g(c) be the second derivative of f(c). Calculate g(-8).
44
Let d(v) = 6*v**2 + 41*v - 22. Let j be d(-12). Let q = j - 348. Let s(o) = -7*o - 2. Calculate s(q).
-16
Let f = -168 - -132. Let z = f + 41. Let r(j) = -8*j**2 - 18*j + 2. Let q(i) = 3*i**2 + 6*i - 1. Let v(w) = 11*q(w) + 4*r(w). Give v(z).
-8
Let m be ((-1298)/44 - -30)*(1 + -1 - 4). Let o(p) = 5*p + 20. What is o(m)?
10
Let u(d) be the second derivative of -d**8/6720 - d**7/315 - d**6/90 - d**5/20 - 151*d**4/12 - 2*d - 1. Let k(b) be the third derivative of u(b). Give k(-7).
1
Let d(p) be the second derivative of -p**4/12 - 17*p**3/6 + 57*p**2/2 - 889*p. Give d(3).
-3
Let t(z) = -z**2 - 8*z + 22. Let u be t(-10). Suppose q - u = -0*q. Let c(m) = 106*m + 0 + 2 - 107*m. Determine c(q).
0
Let b(m) = -m**2 + m. Let p = -87 + 86. Let r(a) = 7*a - 5*a + 1 + 3*a - 3*a**2 + a**2. Let u(h) = p*r(h) + 3*b(h). Determine u(-2).
-1
Suppose 0 = -100*j + 98*j - 2*l + 80, -3*j = l - 108. Let a(q) = q**2 - 32*q - 65. What is a(j)?
3
Let b(i) = 596*i + 2 + 584*i - 1172*i. Give b(-8).
-62
Let o(i) = -i**3 + 3*i**2 - 4*i + 2. Let r(h) = 4*h - 42. Suppose -83 + 72 = -x. Let d be r(x). Calculate o(d).
-2
Let s(t) = -3*t**2 + 4*t - 3. Let l = -1 - -36. Suppose 5*b + p + l = 0, b - 6 = 3*p + 3. Let f(i) = 7*i + 44. Let v be f(b). Calculate s(v).
-7
Let q(o) = 1600 - 1596 + 3*o + 3*o**2 - o**2 - o**2. Suppose -5*a = 5*n - 5, 6*n + 40 = n + 4*a. Determine q(n).
8
Let l(d) be the first derivative of -1/3*d**3 - 231 + 4*d**2 - 10*d. Give l(6).
2
Let b(h) = -23*h**2 - 4. Let k = 31 + -17. Suppose 11*d + k = 4*d. Let p(c) = -6*c**2 - 1. Let x(t) = d*b(t) + 9*p(t). Give x(-1).
-9
Let h(l) = l**3 + 21*l**2 - 4*l - 83. Suppose 0 = 2*r + 12 + 30. Let x be h(r). Let z(i) = -i**2 + 8*i**3 - 3 + 2*i**2 + 2 + i. Determine z(x).
9
Let k(y) = 64*y - 10. Let t(u) = -43*u + 11. Let r(h) = 4*k(h) + 6*t(h